2?
38
Suppose -2*f - 2*f = 3*q - 53, 4*q + 46 = 3*f. What is the highest common divisor of f and 14?
14
Let o(x) = x**2 + 9. Suppose 0 = -8*f + 3*f. Let n be o(f). Let k = -206 + 305. Calculate the greatest common divisor of k and n.
9
Let n(d) = d**3 + 8*d**2 - 7*d + 2. Suppose -o + 3*v + 17 = -2*o, v = -3*o - 19. Let r be n(o). What is the highest common factor of r and 14?
14
Suppose 4*u - 4 = -48. Let b = 13 + u. Calculate the highest common factor of b and 2.
2
Let s(f) = -f**3 + f**2 + 20. Let j be s(0). What is the greatest common factor of j and 30?
10
Suppose 2*b = -5*b + 224. Calculate the highest common divisor of b and 8.
8
Suppose -3*w - 2*w + 20 = 0. Let a be (38/8)/(1/w). Suppose -3*j + a = -17. Calculate the greatest common divisor of 60 and j.
12
Let l = 32 + 28. What is the greatest common divisor of 30 and l?
30
Suppose -5*m - d = -187, -2*d - 117 = -3*m - 5*d. Let b = m - 17. Let o(a) = -a**2 - 6*a - 3. Let c be o(-4). What is the highest common divisor of c and b?
5
Suppose 3*f - 5*u + 212 = 0, 5*f - 5*u + 165 = -205. Let v = 134 + f. Let x(g) = 6*g - 7. Let w be x(3). What is the highest common divisor of v and w?
11
Let c = 39 + -27. Calculate the highest common divisor of 2 and c.
2
Suppose 1326 = 360*f - 357*f. Calculate the greatest common divisor of f and 17.
17
Suppose 5*y + 9 = -n, 4*n = y - 1 + 7. What is the greatest common divisor of 11 and n?
1
Suppose -5*s = -0*h + h - 20, 0 = 4*h + 4*s - 16. Let o = 10 + h. Calculate the greatest common divisor of 70 and o.
10
Let j be 0 + -2 + 16 + -9. Let y = -12 - -17. Suppose 0 = -5*m - 3*r + 290, 0 = y*m - 4*r + 2*r - 265. What is the greatest common factor of m and j?
5
Let i be 4688/11 + 4/(-22). Suppose i = 3*y + 3. Let w = y - 92. Calculate the greatest common divisor of 7 and w.
7
Let h = 63 - 53. Calculate the highest common divisor of 90 and h.
10
Suppose 0 = 5*v - q - 655, 55 = -5*v - 5*q + 680. Calculate the greatest common factor of v and 26.
26
Suppose 3*f = -j + 5, -2*f + 3 = -2*j + 5. Let w(c) = 12*c**2 + 1 - j - 2*c**2. Let t be w(1). What is the greatest common divisor of t and 18?
9
Suppose -5 = -2*n + 5. What is the greatest common factor of 55 and n?
5
Suppose 0 = k + k - 14. Let b = 0 + k. What is the greatest common factor of b and 21?
7
Let h(a) = 16*a - 3. Let l be h(2). Let w = 3 + l. Calculate the highest common factor of w and 8.
8
Suppose 0 = -p + 4*p. Let a = -9 + -2. Let f be a/(-2)*(6 + p). What is the highest common factor of f and 11?
11
Let p(n) = 3*n + 2. Let g be p(6). What is the greatest common factor of 100 and g?
20
Suppose 2*t + 0*m - 247 = -5*m, t - 2*m - 146 = 0. What is the greatest common divisor of 17 and t?
17
Suppose 3*b + 2*b - 350 = 0. What is the highest common factor of b and 7?
7
Let o(d) be the first derivative of -d**3/3 + 3*d**2/2 + 3*d - 1. Let x be o(6). Let s be (-2)/10 - 243/x. What is the highest common divisor of s and 16?
16
Let w be (-6)/(-3) - (-1 - 77). Let t = -23 - -33. What is the greatest common factor of t and w?
10
Let i = -229 - -413. Calculate the highest common factor of i and 23.
23
Suppose -5*u + 33 = -52. What is the highest common factor of u and 34?
17
Suppose 2*h = 5*a - 31, -3 - 3 = -3*h. What is the greatest common divisor of 14 and a?
7
Let s(r) = r**3 + 7*r**2 + 4*r - 4. Let x be s(-4). What is the greatest common factor of x and 14?
14
Let t(s) = s**3 + 2*s**2 + 3*s + 2. Let w be t(3). Let k be (4/4)/((-1)/(-8)). Let r = k - 1. What is the highest common divisor of w and r?
7
Let d be 61/7 + 4/14. Calculate the greatest common factor of 9 and d.
9
Suppose -1 = z - 3*t, 2*t + 0 = z + 2. Let m be 9 + (5 - (z + 8)). Calculate the greatest common factor of 25 and m.
5
Let k(i) = 47*i + 2. Let q be k(3). Suppose -5*h - m = 118, -5*h + 2*h + 2*m = 76. Let d = h + 37. What is the highest common factor of d and q?
13
Let g(n) = 2*n - 3. Let l be g(3). Let v(q) = q - 2. Let r be v(l). Let x be 16 + ((-6)/r)/(-3). Calculate the highest common divisor of x and 180.
18
Suppose -l = -2*y - 170, -264 = -3*l - 3*y + 255. Suppose -l = -5*h - 57. Calculate the highest common factor of h and 46.
23
Let v(r) = r**3 + 2*r**2 + r + 14. Let j be v(0). Calculate the greatest common divisor of 126 and j.
14
Let o = 5 + -2. Let z = 1 - -14. Calculate the greatest common divisor of z and o.
3
Let l(s) = -3*s - 6. Let b be l(-4). Let n(z) = -z**2 - 6*z + 7. Let m = 3 - 8. Let t be n(m). What is the highest common factor of b and t?
6
Suppose -h - 3*n = -61, n + 3*n = 2*h - 152. What is the greatest common divisor of h and 10?
10
Let f be ((-45)/6)/((-4)/8). Calculate the greatest common factor of 30 and f.
15
Let k(x) = -x + 14. Suppose -2*n - 5 = -0*y + 5*y, 2*y = -n. Let u be k(n). What is the highest common divisor of u and 32?
4
Suppose -84 = -j - 3*r, -3*j - r + 2*r = -302. Suppose 0 = -3*i - i + 44. Calculate the greatest common factor of i and j.
11
Let i be 3*4/(12/9). Let z = i + -2. Let p be 64 + (0 - 0 - 1). What is the greatest common divisor of z and p?
7
Let i = -12 - -6. Let z = 59 - 32. Let n be (32/(-6))/(i/z). What is the greatest common divisor of n and 12?
12
Suppose -5*p + 8*p - 63 = 0. Calculate the greatest common divisor of 105 and p.
21
Suppose -104 = -4*h - 0*h. Let r = -19 + 45. What is the greatest common divisor of h and r?
26
Let d be 4 + -4 - (-24 - -2). Calculate the highest common factor of 22 and d.
22
Suppose -5*o - 24 = -9*o - 4*t, 3*t = 5*o - 46. Suppose 0 = -u + 4*u - 24. What is the greatest common factor of o and u?
8
Let p = 36 - -39. Let d = p + -49. Calculate the highest common factor of d and 13.
13
Let j(b) = b**2 - 3*b - 24. Let r be j(7). What is the greatest common factor of r and 44?
4
Suppose 0 = -5*b + 9*b + 40. Let m = 29 + b. Suppose 3 = f - m. Calculate the highest common factor of 11 and f.
11
Let w(q) = -q**2 - 5*q + 3. Let o be w(-4). Let z = o + -9. Let v be (-1)/((-3)/(-108)*z). What is the highest common factor of 9 and v?
9
Let k(o) = o**3 + 10*o**2 + 9*o + 6. Let i be k(-9). Calculate the highest common factor of 18 and i.
6
Let c be 2 + 20 + 6/(-3). Suppose -3*d = 13 + 2, -4*y = -4*d - 12. Let s = 3 - y. What is the greatest common factor of s and c?
5
Let i be 8600/60 + (-2)/(-3). What is the greatest common factor of i and 18?
18
Let o be ((-15)/(-10))/((-1)/2). Let b be 3/1*(-5)/o. Suppose -8 = -2*z + 3*g + 12, 5*g - 10 = -z. What is the greatest common divisor of z and b?
5
Let j be (-6)/4 + (-1764)/(-24). What is the highest common factor of 108 and j?
36
Let w(f) = f**3 - 5*f**2 + 6*f - 4. Let t be w(4). Suppose -3*o = -q - 7*o + 21, -t*q = -4*o - 4. Calculate the highest common divisor of 10 and q.
5
Let v(z) = -17*z - 7. Let r be v(-5). Suppose 3*y + 89 = 7*y + 5*m, 0 = 3*y - 5*m - 93. What is the highest common divisor of r and y?
26
Let d = 0 - -5. Calculate the greatest common factor of 15 and d.
5
Let k be (-2)/(2/11)*-1. What is the highest common divisor of k and 121?
11
Let g be 3/(-1) + 150/(0 + 2). What is the greatest common factor of 18 and g?
18
Let t be 1/(-4) - 39/(-12). Suppose d = 1 + t. Suppose r = d*v - 0*v + 10, -2*v = 2*r - 10. Calculate the greatest common divisor of 3 and r.
3
Let i be (11/(-33))/(2/(-6)). Let h be ((-2)/(-5))/((-1)/(-5)). Let z = i + h. What is the highest common factor of 3 and z?
3
Let t be (24/(-18))/((-1)/27). Calculate the highest common factor of 4 and t.
4
Suppose 28 = -a + 76. Suppose 13*h - 12*h = 16. Calculate the greatest common divisor of a and h.
16
Let z be (960/9)/8*3. Suppose -p = 2*u - 15, 3*p - p = -2*u + 20. Calculate the highest common factor of z and u.
5
Let k be (-35)/(-105) - 167*(-2)/6. Suppose -3*r + 2*s + 18 = s, -5*r + 29 = -2*s. Calculate the highest common divisor of k and r.
7
Let h(n) = n**3 + 6*n**2 - 7*n + 4. Let v be h(-7). Let o = v + 24. Calculate the greatest common divisor of o and 70.
14
Suppose 0 = d - 3 - 3. Let k(s) = s - 6. Let b(j) = j**2 - 5*j - 6. Let l be b(7). Let q be k(l). Calculate the greatest common factor of q and d.
2
Suppose -h - 93 = -0*u - 3*u, -5*u = -5*h - 165. What is the greatest common factor of u and 30?
30
Let f(v) = -5*v + 1 + 0 + 44*v. Let y be f(-1). Let t be 6/(-18) - y/6. Calculate the greatest common divisor of t and 12.
6
Let w(c